*l**2 + 5*l + 3 - l**u - 3*l - 17*l**3 + 8*l**2. Is n(-2) composite?
False
Let r(v) = -2*v**3 + v**2 + 1. Let w be r(0). Suppose a - w = 0, 2*a - 5 - 2911 = -2*y. Is y prime?
False
Let i(c) = 30*c**3 - c + 2. Let o(s) = s - 14. Let q be o(16). Let h be q/(-2)*5/(-5). Is i(h) a composite number?
False
Suppose 1005*z = 924*z + 19980351. Is z a prime number?
False
Let t(n) = -53*n + 4211. Is t(0) composite?
False
Let g(a) be the first derivative of -a**2 - a + 10. Let z be g(4). Let u = 24 + z. Is u prime?
False
Let h(c) = -c**3 + 15*c**2 + 7. Let g be h(15). Let v(x) = 513*x + 2. Is v(g) prime?
True
Is ((-2)/(4/38882))/(-205 + 204) composite?
False
Suppose 0 = -5*o - 20, 2*q = o - 3 + 11. Suppose 27 = q*n - 5*n. Is (14855/(-15))/(3/n) a composite number?
False
Let c(r) = -106*r + 41. Let l be c(4). Let m = l - -1482. Is m a prime number?
False
Is (-328367)/(-2) + (-211)/422 composite?
False
Let v be 9/(-3) - (-12)/3. Suppose -2*c - 2*q + 2964 = -4*q, q = -v. Is c composite?
False
Let w(o) be the first derivative of o**6/40 - 2*o**5/15 + 5*o**4/6 + 11*o**3/6 - 20*o**2 + 40. Let l(q) be the second derivative of w(q). Is l(10) prime?
True
Let h(a) = -2*a**3 - 2*a**2 + 7*a + 29. Let f be h(10). Let w = f - -3462. Is w composite?
False
Let a(m) = -2*m - 6. Let h be a(-3). Suppose 9*f + 44 + 46 = h. Is (-1596)/f - 3 - (-4)/10 a composite number?
False
Suppose 2*i + 7087 + 22015 = -4*w, 5*i + 72741 = 4*w. Let r = -5158 - i. Is r a composite number?
False
Suppose 20 = 5*q - 20. Let p be (36/(-15))/(q/((-1120)/(-6))). Let s = 363 + p. Is s prime?
True
Let m be ((-48)/(-132))/(-2) + 244/11. Suppose -70967 = -m*d - 31*d. Is d a composite number?
True
Let m(s) = s. Let y be m(4). Let c = -6327 + 6332. Suppose y*v - 2*t = 1020, 0 = -v + c*v - 4*t - 1028. Is v a composite number?
True
Let b be 3/(3/170*1). Let m = -31 + b. Is m a composite number?
False
Let j(c) = -6*c + 13. Let w be j(2). Is 8 + -9 + (9055 - w - -2) a prime number?
False
Let k = 440761 - 232344. Is k composite?
True
Suppose -5*u + 24*u + 10015163 - 37526992 = 0. Is u a prime number?
False
Let a(l) be the second derivative of -7*l**5/5 + 11*l**4/12 - 4*l**3/3 - 29*l**2/2 - 152*l. Is a(-12) composite?
True
Let r(m) = -3*m**3 + 3*m**2 + 9*m - 12. Let l be r(6). Let c = -607 - -1736. Let y = l + c. Is y composite?
False
Suppose u - 5*n + 7 = 0, u + 3 = -n - 4. Is (-1641)/(-5) + -4*u/35 a composite number?
True
Suppose -4*j + 9*j = 1945. Let u = 5298 - j. Is u a composite number?
False
Suppose 4*g = 5*w + 61 + 4, 3*g - 3*w - 45 = 0. Suppose 0 = -0*a + g*a - 13380. Suppose -7*u = -u - a. Is u a prime number?
True
Let j(u) = -3*u**3 - 3*u**2 - 3*u - 4. Suppose 0 = 6*t + 12. Let s be j(t). Is (-3)/(-7) + 1646/s a composite number?
True
Suppose -3*r - 3*r - 1044 = 0. Let f = 207 - r. Is f a composite number?
True
Let q(a) = 15 - 15 + 6 - 2*a + 0*a + a**2. Let h be q(2). Suppose -2*y + h*k + 3704 = 4*k, -2*y + 3709 = -3*k. Is y a composite number?
False
Suppose -3*o = -3*r - 56694, -4*o - 3*r = -o - 56676. Is o a composite number?
True
Let n(o) = 2*o**3 - 276*o**2 - 252*o + 219. Is n(140) a composite number?
True
Suppose 12*b = 15*b. Let c(i) = i**3 - i**2 + 3*i + 7573. Is c(b) composite?
False
Let n(y) = 10338*y - 6. Let k be n(3). Suppose 10*m = 2*m + k. Suppose 4*g + 1219 = r, g = -5*r + m + 2156. Is r a composite number?
True
Let v = 336 + -334. Is 3/(-6)*-24305*v a composite number?
True
Let h(r) be the third derivative of -1/24*r**4 + 0*r - 9*r**2 - 1/120*r**6 + 0 + 29/3*r**3 - 1/60*r**5. Is h(0) a composite number?
True
Suppose 10 = -8*x + 2. Is 5 + (3430 - 3 - x) composite?
False
Let q(i) = -1106*i - 7. Let a(m) = -2213*m - 15. Let w(z) = -3*a(z) + 7*q(z). Let h(r) = r**3 - 6*r**2 + 9*r - 5. Let c be h(4). Is w(c) composite?
True
Let c(s) = -126*s + 1. Let b(k) = 3*k + 10. Let o be 0 - 2 - 4 - -1. Let t be b(o). Is c(t) composite?
False
Let f(v) = -172*v**3 - 5*v**2 + 20*v - 2. Let y(x) = -7*x - 1 + 2 - 6*x**2 + 54*x**3 + 3*x**3 + 8*x**2. Let s(l) = 3*f(l) + 8*y(l). Is s(-1) a composite number?
False
Suppose 74*w - 40*w = -42*w + 394364. Is w a composite number?
False
Let g = 23 + -15. Suppose 2*z - 6*z + g = 0. Is 52/z*(-8)/(-16) composite?
False
Let b = -321 - -321. Suppose -29*p - 10*p + 114387 = b. Is p composite?
True
Let h be (-1)/(-6 + (10 - 5)). Let z be -1*1/1*h*-3. Suppose 704 = n - z*d, -d - 2806 = -4*n + d. Is n a composite number?
False
Let v be 1 + -1 + (-3 + 23)/4. Is (v + 1 + -7)*(-9032 + 3) prime?
True
Let y(w) = -2*w + 1. Let z(s) = -s**2 - 13*s + 28. Let g be z(-15). Let n be y(g). Is (-6)/(-10) - ((-2692)/n + 2) composite?
True
Suppose 210*u - 202*u = 0. Suppose 29*c - 11022 - 2869 = u. Is c prime?
True
Suppose 3*t - 9 = x, 0*x + x = -3. Suppose -t*r = 2*r + l - 19004, 4*r - 2*l = 19004. Is r composite?
False
Let v(n) = -6*n**2 + 3*n**2 + 2 + 8. Let s be v(2). Is 267/(-12)*((-3 - s) + -19) prime?
False
Suppose 3*a + 12 = 0, 0 = -48*m + 45*m + 3*a + 1623. Is m a prime number?
False
Suppose -9*m + 31 = 13. Is m + -7 - (11 - 935) a composite number?
False
Let d(s) = -s**3 + s**2 - s. Let j(w) = 21*w**3 + 4*w**2 + 6*w - 7. Let l(q) = -5*d(q) + j(q). Is l(6) prime?
True
Let c(b) = 1053*b + 377. Is c(22) prime?
False
Let g(i) = 5475*i**2 + 635*i - 6493. Is g(10) a composite number?
False
Let v(q) = 0*q**3 + 31 + 5*q + 2*q**3 - 3*q**3 + 23*q - 26*q**2. Let c be v(-27). Suppose -3*i + 9527 = c*i. Is i a prime number?
True
Is (1*1771675/10)/((-15)/(-30)) a prime number?
False
Suppose -9 = 4*i + 2*x - 7, -2*i - 4*x - 4 = 0. Suppose 0*y - 14*y + 12292 = i. Is y a composite number?
True
Suppose 0 = 3*a + 3*n - 945129, 79007 = -3*a + n + 1024136. Is a a composite number?
True
Let v(t) = 15*t - 4. Let i be v(1). Suppose -i*h = -3*h - 1432. Is h a composite number?
False
Suppose -2*x + 0 = -2, -p + 4*x = -9. Suppose 1933 = -p*n + 6600. Is n a composite number?
False
Let l = -56 + 59. Suppose -u - 2*u + 52 = a, 5*u = l*a - 142. Suppose -4*b = -h - 2621, -b + 4*h - a + 708 = 0. Is b a composite number?
True
Suppose -z + 4*j = -1, -16*z - 5*j + 1 = -17*z. Suppose -z*r + 17785 = 4546. Is r a composite number?
False
Let t = -12671 + 20635. Suppose 12*o - 16096 = t. Is o composite?
True
Suppose -2*k - 42914 = -p, 3*k + 37950 = 2*p - 47874. Suppose 5099 = 5*z - p. Is z a composite number?
False
Let a be -2 - (11 + (-8)/(-4)). Let b = -12 - a. Suppose 7015 = b*m + 16. Is m prime?
True
Let r(z) = 3*z - 103. Let d be r(33). Is (d/6)/((-231580)/(-33084) + -7) composite?
True
Let c(q) = -107*q + 6. Let t be c(-8). Let w(i) = 6*i**2 + 91*i - 34. Let a be w(-11). Let u = a + t. Is u a prime number?
False
Suppose 278 = -5*v + 7*v. Let b = -122 + v. Let n(l) = 116*l - 71. Is n(b) prime?
True
Suppose -9 = r - 13. Let o(l) = 813*l - 11. Is o(r) a composite number?
True
Let l = 39864 - 19057. Is l composite?
False
Let g = -46205 + 30500. Let d = 29894 + g. Is d a composite number?
True
Let h(u) = -u**2 + 14*u + 55. Let p be h(17). Suppose d + 10 = -o, o - p*o = 5*d + 34. Let q(j) = -4*j**3 - 7*j**2 - 6*j + 7. Is q(o) a composite number?
True
Suppose 142500 - 397135 = -5*f. Is f a composite number?
True
Let h = -10 + 5. Suppose -47*i + 4656 = -53*i. Let t = h - i. Is t composite?
True
Let m(o) = 4901*o**2 - 76*o - 413. Is m(-6) a prime number?
False
Let u = 385105 + -197460. Is u composite?
True
Suppose 79646 = 41*z - 120147. Suppose 5*d + h = 57214, 0 = 3*d + 4*h + z - 39198. Is d prime?
True
Let x(p) = 4*p**2 - 2*p + 1. Let d be x(1). Suppose -3*i + 0*i = d*i. Suppose 4*y + 20 = i, -4*g = g - 5*y - 4620. Is g prime?
True
Let k(l) = -200*l**2 + 3*l - 4. Let g be k(2). Let d = 1351 + g. Suppose 4*w + d = 3*f + 4118, 3*w = f + 2670. Is w prime?
False
Let n(m) = -10 + 14 - 3*m - 6 - m**2. Let k be n(-2). Suppose k = -13*v + 11*v + 746. Is v a composite number?
False
Let x = 50 - 46. Suppose x = 3*f + 22. Is f*(12/18)/(4/(-982)) a prime number?
False
Let o(c) = -111*c - 22. Let k be o(-2). Suppose 194*q + 34674 = k*q. Is q composite?
False
Let o be (1 + 24/16)/((-1)/(-2)). Suppose 5*p - 35275 = o*c, -32943 = -4*p + 5*c - 4725. Is p composite?
False
Suppose -4*j = -355435 - 895569. Is j a composite number?
True
Let w = -22 + 51. Suppose -w*u + 30*u = 1036. Suppose 3*z + u = 2*j, -4*z + 9*z + 511 = j. Is j a